{"id":1304,"date":"2021-09-07T07:42:45","date_gmt":"2021-09-07T05:42:45","guid":{"rendered":"http:\/\/www.suduvos-medziotojai.lt\/?page_id=1304"},"modified":"2026-03-10T09:14:02","modified_gmt":"2026-03-10T07:14:02","slug":"metine-ataskaita","status":"publish","type":"page","link":"https:\/\/www.suduvos-medziotojai.lt\/?page_id=1304","title":{"rendered":"Metin\u0117 ataskaita"},"content":{"rendered":"\t\t<div data-elementor-type=\"wp-page\" data-elementor-id=\"1304\" class=\"elementor elementor-1304\" data-elementor-post-type=\"page\">\n\t\t\t\t\t\t<section class=\"elementor-section elementor-top-section elementor-element elementor-element-559650b elementor-section-boxed elementor-section-height-default elementor-section-height-default\" data-id=\"559650b\" data-element_type=\"section\">\n\t\t\t\t\t\t<div class=\"elementor-container elementor-column-gap-default\">\n\t\t\t\t\t<div class=\"elementor-column elementor-col-100 elementor-top-column elementor-element elementor-element-d541abc\" data-id=\"d541abc\" data-element_type=\"column\">\n\t\t\t<div class=\"elementor-widget-wrap elementor-element-populated\">\n\t\t\t\t\t\t<div class=\"elementor-element elementor-element-1361a12 elementor-widget elementor-widget-text-editor\" data-id=\"1361a12\" data-element_type=\"widget\" data-widget_type=\"text-editor.default\">\n\t\t\t\t<div class=\"elementor-widget-container\">\n\t\t\t\t\t\t\t\t\t<p><a href=\"http:\/\/www.suduvos-medziotojai.lt\/wp-content\/uploads\/2021\/09\/2020-m._FINANSINIU-ATASKAITU-EL.-RINKINYS.pdf\">2020 m. FINANSINI\u0172 ATASKAIT\u0172 EL. RINKINYS<\/a><\/p>\t\t\t\t\t\t\t\t<\/div>\n\t\t\t\t<\/div>\n\t\t\t\t\t<\/div>\n\t\t<\/div>\n\t\t\t\t\t<\/div>\n\t\t<\/section>\n\t\t\t\t<section class=\"elementor-section elementor-top-section elementor-element elementor-element-b690b56 elementor-section-boxed elementor-section-height-default elementor-section-height-default\" data-id=\"b690b56\" data-element_type=\"section\">\n\t\t\t\t\t\t<div class=\"elementor-container elementor-column-gap-default\">\n\t\t\t\t\t<div class=\"elementor-column elementor-col-100 elementor-top-column elementor-element elementor-element-108c7b1\" data-id=\"108c7b1\" data-element_type=\"column\">\n\t\t\t<div class=\"elementor-widget-wrap elementor-element-populated\">\n\t\t\t\t\t\t<div class=\"elementor-element elementor-element-4a2e7dd elementor-widget elementor-widget-text-editor\" data-id=\"4a2e7dd\" data-element_type=\"widget\" data-widget_type=\"text-editor.default\">\n\t\t\t\t<div class=\"elementor-widget-container\">\n\t\t\t\t\t\t\t\t\t<p><a href=\"http:\/\/www.suduvos-medziotojai.lt\/wp-content\/uploads\/2021\/09\/2020-m._AISKINAMASIS-RASTAS.pdf\">2020 m. AI\u0160KINAMASIS RA\u0160TAS<\/a><\/p>\t\t\t\t\t\t\t\t<\/div>\n\t\t\t\t<\/div>\n\t\t\t\t\t<\/div>\n\t\t<\/div>\n\t\t\t\t\t<\/div>\n\t\t<\/section>\n\t\t\t\t<section class=\"elementor-section elementor-top-section elementor-element elementor-element-5c89917 elementor-section-boxed elementor-section-height-default elementor-section-height-default\" data-id=\"5c89917\" data-element_type=\"section\">\n\t\t\t\t\t\t<div class=\"elementor-container elementor-column-gap-default\">\n\t\t\t\t\t<div class=\"elementor-column elementor-col-100 elementor-top-column elementor-element elementor-element-0a0e67e\" data-id=\"0a0e67e\" data-element_type=\"column\">\n\t\t\t<div class=\"elementor-widget-wrap elementor-element-populated\">\n\t\t\t\t\t\t<div class=\"elementor-element elementor-element-67e1d86 elementor-widget elementor-widget-text-editor\" data-id=\"67e1d86\" data-element_type=\"widget\" data-widget_type=\"text-editor.default\">\n\t\t\t\t<div class=\"elementor-widget-container\">\n\t\t\t\t\t\t\t\t\t<p><a href=\"http:\/\/www.suduvos-medziotojai.lt\/wp-content\/uploads\/2021\/09\/2020-m_METINIS-PRANESIMAS-VEIKLOS-ATASKAITA.pdf\">2020 m. METINIS PRANE\u0160IMAS (VEIKLOS ATASKAITA)<\/a><\/p>\t\t\t\t\t\t\t\t<\/div>\n\t\t\t\t<\/div>\n\t\t\t\t\t<\/div>\n\t\t<\/div>\n\t\t\t\t\t<\/div>\n\t\t<\/section>\n\t\t\t\t<section class=\"elementor-section elementor-top-section elementor-element elementor-element-8493b2b elementor-section-boxed elementor-section-height-default elementor-section-height-default\" data-id=\"8493b2b\" data-element_type=\"section\">\n\t\t\t\t\t\t<div class=\"elementor-container elementor-column-gap-default\">\n\t\t\t\t\t<div class=\"elementor-column elementor-col-100 elementor-top-column elementor-element elementor-element-9ef3f6d\" data-id=\"9ef3f6d\" data-element_type=\"column\">\n\t\t\t<div class=\"elementor-widget-wrap elementor-element-populated\">\n\t\t\t\t\t\t<div class=\"elementor-element elementor-element-6428aaf elementor-widget elementor-widget-text-editor\" data-id=\"6428aaf\" data-element_type=\"widget\" data-widget_type=\"text-editor.default\">\n\t\t\t\t<div class=\"elementor-widget-container\">\n\t\t\t\t\t\t\t\t\t<p><a href=\"http:\/\/www.suduvos-medziotojai.lt\/wp-content\/uploads\/2022\/03\/2021-m._FINANSINIU-ATASKAITU-EL.-RINKINYS.pdf\">2021 m. FINANSINI\u0172 ATASKAIT\u0172 EL. RINKINYS<\/a><\/p>\t\t\t\t\t\t\t\t<\/div>\n\t\t\t\t<\/div>\n\t\t\t\t\t<\/div>\n\t\t<\/div>\n\t\t\t\t\t<\/div>\n\t\t<\/section>\n\t\t\t\t<section class=\"elementor-section elementor-top-section elementor-element elementor-element-8270a1f elementor-section-boxed elementor-section-height-default elementor-section-height-default\" data-id=\"8270a1f\" data-element_type=\"section\">\n\t\t\t\t\t\t<div class=\"elementor-container elementor-column-gap-default\">\n\t\t\t\t\t<div class=\"elementor-column elementor-col-100 elementor-top-column elementor-element elementor-element-f235f6d\" data-id=\"f235f6d\" data-element_type=\"column\">\n\t\t\t<div class=\"elementor-widget-wrap elementor-element-populated\">\n\t\t\t\t\t\t<div class=\"elementor-element elementor-element-a4a141a elementor-widget elementor-widget-text-editor\" data-id=\"a4a141a\" data-element_type=\"widget\" data-widget_type=\"text-editor.default\">\n\t\t\t\t<div class=\"elementor-widget-container\">\n\t\t\t\t\t\t\t\t\t<p><a href=\"http:\/\/www.suduvos-medziotojai.lt\/wp-content\/uploads\/2022\/03\/2021-m._AISKINAMASIS-RASTAS.pdf\">2021 m. AI\u0160KINAMASIS RA\u0160TAS<\/a><\/p>\t\t\t\t\t\t\t\t<\/div>\n\t\t\t\t<\/div>\n\t\t\t\t\t<\/div>\n\t\t<\/div>\n\t\t\t\t\t<\/div>\n\t\t<\/section>\n\t\t\t\t<section class=\"elementor-section elementor-top-section elementor-element elementor-element-2b9eb4d elementor-section-boxed elementor-section-height-default elementor-section-height-default\" data-id=\"2b9eb4d\" data-element_type=\"section\">\n\t\t\t\t\t\t<div class=\"elementor-container elementor-column-gap-default\">\n\t\t\t\t\t<div class=\"elementor-column elementor-col-100 elementor-top-column elementor-element elementor-element-6ef18de\" data-id=\"6ef18de\" data-element_type=\"column\">\n\t\t\t<div class=\"elementor-widget-wrap elementor-element-populated\">\n\t\t\t\t\t\t<div class=\"elementor-element elementor-element-697b345 elementor-widget elementor-widget-text-editor\" data-id=\"697b345\" data-element_type=\"widget\" data-widget_type=\"text-editor.default\">\n\t\t\t\t<div class=\"elementor-widget-container\">\n\t\t\t\t\t\t\t\t\t<p><a href=\"http:\/\/www.suduvos-medziotojai.lt\/wp-content\/uploads\/2022\/03\/2021-m._-METINE-ATASKAITA.pdf\">2021 m. METINIS PRANE\u0160IMAS (VEIKLOS ATASKAITA)<\/a><\/p>\t\t\t\t\t\t\t\t<\/div>\n\t\t\t\t<\/div>\n\t\t\t\t\t<\/div>\n\t\t<\/div>\n\t\t\t\t\t<\/div>\n\t\t<\/section>\n\t\t\t\t<section class=\"elementor-section elementor-top-section elementor-element elementor-element-27eb46e elementor-section-boxed elementor-section-height-default elementor-section-height-default\" data-id=\"27eb46e\" data-element_type=\"section\">\n\t\t\t\t\t\t<div class=\"elementor-container elementor-column-gap-default\">\n\t\t\t\t\t<div class=\"elementor-column elementor-col-100 elementor-top-column elementor-element elementor-element-4193cce\" data-id=\"4193cce\" data-element_type=\"column\">\n\t\t\t<div class=\"elementor-widget-wrap elementor-element-populated\">\n\t\t\t\t\t\t<div class=\"elementor-element elementor-element-6690906 elementor-widget elementor-widget-text-editor\" data-id=\"6690906\" data-element_type=\"widget\" data-widget_type=\"text-editor.default\">\n\t\t\t\t<div class=\"elementor-widget-container\">\n\t\t\t\t\t\t\t\t\t<p><a href=\"http:\/\/www.suduvos-medziotojai.lt\/wp-content\/uploads\/2023\/03\/2022-m._FINANSINIU-ATASKAITU-EL.-RINKINYS.pdf\">2022 m. FINANSINI\u0172 ATASKAIT\u0172 EL. RINKINYS<\/a><\/p>\t\t\t\t\t\t\t\t<\/div>\n\t\t\t\t<\/div>\n\t\t\t\t\t<\/div>\n\t\t<\/div>\n\t\t\t\t\t<\/div>\n\t\t<\/section>\n\t\t\t\t<section class=\"elementor-section elementor-top-section elementor-element elementor-element-23ee7b3 elementor-section-boxed elementor-section-height-default elementor-section-height-default\" data-id=\"23ee7b3\" data-element_type=\"section\">\n\t\t\t\t\t\t<div class=\"elementor-container elementor-column-gap-default\">\n\t\t\t\t\t<div class=\"elementor-column elementor-col-100 elementor-top-column elementor-element elementor-element-dbd036e\" data-id=\"dbd036e\" data-element_type=\"column\">\n\t\t\t<div class=\"elementor-widget-wrap elementor-element-populated\">\n\t\t\t\t\t\t<div class=\"elementor-element elementor-element-ad76c78 elementor-widget elementor-widget-text-editor\" data-id=\"ad76c78\" data-element_type=\"widget\" data-widget_type=\"text-editor.default\">\n\t\t\t\t<div class=\"elementor-widget-container\">\n\t\t\t\t\t\t\t\t\t<p><a href=\"http:\/\/www.suduvos-medziotojai.lt\/wp-content\/uploads\/2023\/03\/2022m._AISKINAMASISRASTAS.pdf\">2022 m. AI\u0160KINAMASIS RA\u0160TAS<\/a><\/p>\t\t\t\t\t\t\t\t<\/div>\n\t\t\t\t<\/div>\n\t\t\t\t\t<\/div>\n\t\t<\/div>\n\t\t\t\t\t<\/div>\n\t\t<\/section>\n\t\t\t\t<section class=\"elementor-section elementor-top-section elementor-element elementor-element-1042ba8 elementor-section-boxed elementor-section-height-default elementor-section-height-default\" data-id=\"1042ba8\" data-element_type=\"section\">\n\t\t\t\t\t\t<div class=\"elementor-container elementor-column-gap-default\">\n\t\t\t\t\t<div class=\"elementor-column elementor-col-100 elementor-top-column elementor-element elementor-element-0f4ecba\" data-id=\"0f4ecba\" data-element_type=\"column\">\n\t\t\t<div class=\"elementor-widget-wrap elementor-element-populated\">\n\t\t\t\t\t\t<div class=\"elementor-element elementor-element-5d4471a elementor-widget elementor-widget-text-editor\" data-id=\"5d4471a\" data-element_type=\"widget\" data-widget_type=\"text-editor.default\">\n\t\t\t\t<div class=\"elementor-widget-container\">\n\t\t\t\t\t\t\t\t\t<p><a href=\"http:\/\/www.suduvos-medziotojai.lt\/wp-content\/uploads\/2023\/03\/2022m._METIN-ATASKAITA.pdf\">2022 m. METINIS PRANE\u0160IMAS (VEIKLOS ATASKAITA)<\/a><\/p>\t\t\t\t\t\t\t\t<\/div>\n\t\t\t\t<\/div>\n\t\t\t\t\t<\/div>\n\t\t<\/div>\n\t\t\t\t\t<\/div>\n\t\t<\/section>\n\t\t\t\t<section class=\"elementor-section elementor-top-section elementor-element elementor-element-4d711cc elementor-section-boxed elementor-section-height-default elementor-section-height-default\" data-id=\"4d711cc\" data-element_type=\"section\">\n\t\t\t\t\t\t<div class=\"elementor-container elementor-column-gap-default\">\n\t\t\t\t\t<div class=\"elementor-column elementor-col-100 elementor-top-column elementor-element elementor-element-4d194ee\" data-id=\"4d194ee\" data-element_type=\"column\">\n\t\t\t<div class=\"elementor-widget-wrap elementor-element-populated\">\n\t\t\t\t\t\t<div class=\"elementor-element elementor-element-65845b7 elementor-widget elementor-widget-text-editor\" data-id=\"65845b7\" data-element_type=\"widget\" data-widget_type=\"text-editor.default\">\n\t\t\t\t<div class=\"elementor-widget-container\">\n\t\t\t\t\t\t\t\t\t<p><a href=\"http:\/\/www.suduvos-medziotojai.lt\/wp-content\/uploads\/2024\/03\/2022-m.-METINIS-PRANESIMAS-VEIKLOS-ATASKAITA.pdf\">2023 m. METINIS PRANE\u0160IMAS (VEIKLOS ATASKAITA)<\/a><\/p><p><a href=\"http:\/\/www.suduvos-medziotojai.lt\/wp-content\/uploads\/2024\/03\/2023-m.-AISKINAMASIS-RASTAS.pdf\">2023 m. AI\u0160KINAMASIS RA\u0160TAS<\/a><\/p><p><a href=\"http:\/\/www.suduvos-medziotojai.lt\/wp-content\/uploads\/2024\/03\/2023-m.-FINANSINIU-ATASKAITU-EL.-RINKINYS.pdf\">2023 m. FINANSINI\u0172 ATASKAIT\u0172 EL. RINKINYS<\/a><\/p>\t\t\t\t\t\t\t\t<\/div>\n\t\t\t\t<\/div>\n\t\t\t\t\t<\/div>\n\t\t<\/div>\n\t\t\t\t\t<\/div>\n\t\t<\/section>\n\t\t\t\t<section class=\"elementor-section elementor-top-section elementor-element elementor-element-e2d2eea elementor-section-boxed elementor-section-height-default elementor-section-height-default\" data-id=\"e2d2eea\" data-element_type=\"section\">\n\t\t\t\t\t\t<div class=\"elementor-container elementor-column-gap-default\">\n\t\t\t\t\t<div class=\"elementor-column elementor-col-100 elementor-top-column elementor-element elementor-element-7874923\" data-id=\"7874923\" data-element_type=\"column\">\n\t\t\t<div class=\"elementor-widget-wrap elementor-element-populated\">\n\t\t\t\t\t\t<div class=\"elementor-element elementor-element-4f4fae3 elementor-widget elementor-widget-text-editor\" data-id=\"4f4fae3\" data-element_type=\"widget\" data-widget_type=\"text-editor.default\">\n\t\t\t\t<div class=\"elementor-widget-container\">\n\t\t\t\t\t\t\t\t\t<p><a href=\"http:\/\/www.suduvos-medziotojai.lt\/wp-content\/uploads\/2026\/03\/2024m._PATVIRTINTOS-FINANSINES-ATASKAITOS.pdf\">2024m. PATVIRTINTOS FINANSIN\u0116S ATASKAITOS<\/a><\/p><p><a href=\"http:\/\/www.suduvos-medziotojai.lt\/wp-content\/uploads\/2026\/03\/2024m._AISKINAMASIS-RASTAS.pdf\">2024m. AI\u0160KINAMASIS RA\u0160TAS<\/a><\/p><p><a href=\"http:\/\/www.suduvos-medziotojai.lt\/wp-content\/uploads\/2026\/03\/2024m._METINE-VEIKLOS-ATASKAITA.pdf\">2024m. METIN\u0116 VEIKLOS ATASKAITA<\/a><\/p><p><a href=\"http:\/\/www.suduvos-medziotojai.lt\/wp-content\/uploads\/2026\/03\/2024-m._FINANSINIU-ATASKAITU-EL.-RINKINYS.pdf\">2024 m. FINANSINI\u0172 ATASKAIT\u0172 EL. RINKINYS<\/a><\/p>\t\t\t\t\t\t\t\t<\/div>\n\t\t\t\t<\/div>\n\t\t\t\t\t<\/div>\n\t\t<\/div>\n\t\t\t\t\t<\/div>\n\t\t<\/section>\n\t\t\t\t<section class=\"elementor-section elementor-top-section elementor-element elementor-element-434f2bf elementor-section-boxed elementor-section-height-default elementor-section-height-default\" data-id=\"434f2bf\" data-element_type=\"section\">\n\t\t\t\t\t\t<div class=\"elementor-container elementor-column-gap-default\">\n\t\t\t\t\t<div class=\"elementor-column elementor-col-100 elementor-top-column elementor-element elementor-element-c3fb658\" data-id=\"c3fb658\" data-element_type=\"column\">\n\t\t\t<div class=\"elementor-widget-wrap elementor-element-populated\">\n\t\t\t\t\t\t<div class=\"elementor-element elementor-element-db7f6a2 elementor-widget elementor-widget-text-editor\" data-id=\"db7f6a2\" data-element_type=\"widget\" data-widget_type=\"text-editor.default\">\n\t\t\t\t<div class=\"elementor-widget-container\">\n\t\t\t\t\t\t\t\t\t<p><a href=\"http:\/\/www.suduvos-medziotojai.lt\/wp-content\/uploads\/2026\/03\/2025m._AISKINAMASISRASTAS.pdf\">2025m. AI\u0160KINAMASIS RA\u0160TAS<\/a><\/p><p><a href=\"http:\/\/www.suduvos-medziotojai.lt\/wp-content\/uploads\/2026\/03\/2025m._METINEVEIKLOSATASKAITA.pdf\">2025m. METIN\u0116 VEIKLOS ATASKAITA<\/a><\/p><p><a href=\"http:\/\/www.suduvos-medziotojai.lt\/wp-content\/uploads\/2026\/03\/2025m._PATVIRTINTOSFINANSINESATASKAITOS.pdf\">2025m. PATVIRTINTOS FINANSIN\u0116S ATASKAITOS<\/a><\/p><p><a href=\"http:\/\/www.suduvos-medziotojai.lt\/wp-content\/uploads\/2026\/03\/2025-m._FINANSINIU-ATASKAITU-EL.-RINKINYS.pdf\">2025 m. FINANSINI\u0172 ATASKAIT\u0172 EL. RINKINYS<\/a><\/p>\t\t\t\t\t\t\t\t<\/div>\n\t\t\t\t<\/div>\n\t\t\t\t\t<\/div>\n\t\t<\/div>\n\t\t\t\t\t<\/div>\n\t\t<\/section>\n\t\t\t\t<\/div>\n\t\t","protected":false},"excerpt":{"rendered":"<p>2020 m. FINANSINI\u0172 ATASKAIT\u0172 EL. RINKINYS 2020 m. AI\u0160KINAMASIS RA\u0160TAS 2020 m. METINIS PRANE\u0160IMAS (VEIKLOS ATASKAITA) 2021 m. FINANSINI\u0172 ATASKAIT\u0172 EL. RINKINYS 2021 m. AI\u0160KINAMASIS RA\u0160TAS 2021 m. METINIS PRANE\u0160IMAS (VEIKLOS ATASKAITA) 2022 m. FINANSINI\u0172 ATASKAIT\u0172 EL. RINKINYS 2022 m. AI\u0160KINAMASIS RA\u0160TAS 2022 m. METINIS PRANE\u0160IMAS (VEIKLOS ATASKAITA) 2023 m. METINIS PRANE\u0160IMAS (VEIKLOS ATASKAITA) 2023 &hellip; <\/p>\n<p class=\"link-more\"><a href=\"https:\/\/www.suduvos-medziotojai.lt\/?page_id=1304\" class=\"more-link\">Continue reading<span class=\"screen-reader-text\"> &#8220;Metin\u0117 ataskaita&#8221;<\/span><\/a><\/p>\n","protected":false},"author":2,"featured_media":0,"parent":0,"menu_order":0,"comment_status":"closed","ping_status":"closed","template":"","meta":{"inline_featured_image":false,"footnotes":""},"_links":{"self":[{"href":"https:\/\/www.suduvos-medziotojai.lt\/index.php?rest_route=\/wp\/v2\/pages\/1304"}],"collection":[{"href":"https:\/\/www.suduvos-medziotojai.lt\/index.php?rest_route=\/wp\/v2\/pages"}],"about":[{"href":"https:\/\/www.suduvos-medziotojai.lt\/index.php?rest_route=\/wp\/v2\/types\/page"}],"author":[{"embeddable":true,"href":"https:\/\/www.suduvos-medziotojai.lt\/index.php?rest_route=\/wp\/v2\/users\/2"}],"replies":[{"embeddable":true,"href":"https:\/\/www.suduvos-medziotojai.lt\/index.php?rest_route=%2Fwp%2Fv2%2Fcomments&post=1304"}],"version-history":[{"count":43,"href":"https:\/\/www.suduvos-medziotojai.lt\/index.php?rest_route=\/wp\/v2\/pages\/1304\/revisions"}],"predecessor-version":[{"id":5339,"href":"https:\/\/www.suduvos-medziotojai.lt\/index.php?rest_route=\/wp\/v2\/pages\/1304\/revisions\/5339"}],"wp:attachment":[{"href":"https:\/\/www.suduvos-medziotojai.lt\/index.php?rest_route=%2Fwp%2Fv2%2Fmedia&parent=1304"}],"curies":[{"name":"wp","href":"https:\/\/api.w.org\/{rel}","templated":true}]}}