{"id":230,"date":"2020-12-15T22:02:37","date_gmt":"2020-12-15T20:02:37","guid":{"rendered":"http:\/\/www.suduvos-medziotojai.lt\/?page_id=230"},"modified":"2021-01-04T22:32:05","modified_gmt":"2021-01-04T20:32:05","slug":"irankiai-ir-budai","status":"publish","type":"page","link":"https:\/\/www.suduvos-medziotojai.lt\/?page_id=230","title":{"rendered":"\u012erankiai ir b\u016bdai"},"content":{"rendered":"\n<p>Lietuvos Respublikoje med\u017eiojant leid\u017eiama naudoti \u0161iuos \u012frankius ir priemones:<\/p>\n\n\n\n<p>\u012erankius:<\/p>\n\n\n\n<ul><li>ilguosius grai\u017etvinius ir lygiavamzd\u017eius ginklus su optiniais taikikliais ar be j\u0173;<\/li><li>tinklus, graib\u0161tus, gaudykles, u\u017etikrinan\u010dias gyvo ir nesu\u017eeisto gyv\u016bno pagavim\u0105;<\/li><li>selektyviuosius sp\u0105stus, u\u017etikrinan\u010dius staigi\u0105 pagauto gyv\u016bno \u017e\u016bt\u012f;<\/li><\/ul>\n\n\n\n<p>Priemones:<\/p>\n\n\n\n<ul><li>i\u0161kam\u0161as, profilius, mulia\u017eus, kryk\u0161tes, nat\u016bralios kilm\u0117s masal\u0105, feromoninius ir cheminius jaukus, vilioklius, vilbynes;<\/li><li>peilius, v\u0117liav\u0117les;<\/li><li>grynaveislius med\u017eioklinius \u0161unis, pl\u0117\u0161riuosius pauk\u0161\u010dius, \u017eirgus;<\/li><li>\u017ei\u016bronus, naktinio steb\u0117jimo prietaisus, stacionarius ar kilnojamuosius tykojimo bok\u0161telius ir dirbtines priedangas, sl\u0117ptuves;<\/li><li>sausumos ir vandens transporto priemones;<\/li><li>med\u017eioklinius pro\u017eektorius, kuri\u0173 \u0161viestuvas \u017eibintas pritaisytas prie \u0161autuvo (leid\u017eiama naudoti tik med\u017eiojant \u0161ernus tykojant).<\/li><\/ul>\n\n\n\n<p>Kai kuriose Europos valstyb\u0117se (vienu laikotarpiu buvo leid\u017eiama ir Lietuvoje), Afrikoje ir \u0160iaur\u0117s Amerikoje (\u0161ioje \u0161alyje ypa\u010d populiaru ir skatinama taikant ilgesnius med\u017eiokl\u0117s terminus) leid\u017eiama kaip \u012frank\u012f med\u017eioti med\u017eioklin\u012f lank\u0105 arba arbalet\u0105.<\/p>\n\n\n\n<p><strong>Med\u017eioti leid\u017eiama \u0161iais b\u016bdais:<\/strong><\/p>\n\n\n\n<ul><li>varant \u2013 kai med\u017eiojamuosius gyv\u016bnus link med\u017eiotoj\u0173, stovin\u010di\u0173 ant \u017eem\u0117s arba esan\u010di\u0173 tam skirtuose bok\u0161teliuose, med\u017eiotoj\u0173 linijoje ar jos flanguose, ar kitose tik\u0117tinose med\u017eiojam\u0173j\u0173 gyv\u016bn\u0173 pasirodymo vietose, gena varovai su med\u017eiokliniais \u0161unimis ar be j\u0173 arba tik med\u017eiokliniai \u0161unys. Med\u017eiotoj\u0173, varov\u0173 ir \u0161un\u0173 skai\u010dius neribojamas;<\/li><li>tykojant \u2013 kai med\u017eiojam\u0173j\u0173 gyv\u016bn\u0173 laukiama tam skirtame med\u017eiokl\u0117s bok\u0161telyje, sl\u0117ptuv\u0117je, valtyje, specialiai \u012frengtoje priedangoje ar be jos. Tykojamus med\u017eiojamuosius gyv\u016bnus galima vilioti nat\u016bralios kilm\u0117s masalu, i\u0161kam\u0161omis, mulia\u017eais, profiliais, viliokliais ir vilbyn\u0117mis, feromoniniais ir cheminiais jaukais, kryk\u0161t\u0117mis. Tykojamus \u0161ernus leid\u017eiama ap\u0161viesti Med\u017eiokl\u0117s taisykli\u0173 nurodytomis priemon\u0117mis;<\/li><li>s\u0117linant \u2013 kai prie med\u017eiojamojo gyv\u016bno pris\u0117linama, gyv\u016bn\u0105 pabaido ar sustabdo med\u017eioklinis \u0161uo, med\u017eiojamasis gyv\u016bnas priviliojamas viliokliu ar vilbyne. Vandens pauk\u0161\u010dius, bebrus, ondatras leid\u017eiama med\u017eioti iriantis irkline (nemotorine) valtimi. Med\u017eiokl\u0117 s\u0117linant leid\u017eiama tik \u0161viesiuoju paros metu \u2013 ne anks\u010diau kaip pusantros valandos iki saul\u0117s patek\u0117jimo ir ne v\u0117liau kaip pusantros valandos saulei nusileidus;<\/li><li>su \u0161unimis \u2013 kai su med\u017eiokliniais \u0161unimis \u017ev\u0117rys gaudomi j\u0173 urvuose ar nameliuose arba yra \u0161audomi \u0161un\u0173 i\u0161varyti i\u0161 urv\u0173 ar nameli\u0173, ar jie gaudomi atkasant urv\u0105, arba kai \u0161uo pasiveja ir pagauna pl\u0117\u0161r\u0173j\u012f \u017ev\u0117r\u012f ar ki\u0161k\u012f;<\/li><li>grandine \u2013 kai med\u017eiotojai, sustoj\u0119 linija, eina atviru lauku;<\/li><li>katilu \u2013 kai med\u017eiotojai eina \u012f centr\u0105, apsup\u0119 tam tikr\u0105 atvir\u0105 lauko plot\u0105;<\/li><li>su pl\u0117\u0161riaisiais pauk\u0161\u010diais \u2013 kai smulkioji fauna gaudoma, pasitelkus specialiai apmokyt\u0105 pl\u0117\u0161r\u0173j\u012f pauk\u0161t\u012f;<\/li><li>gaudant sp\u0105stais, gaudykl\u0117mis \u2013 kai gyv\u016bnai gaudykl\u0117mis gaudomi gyvi ir nesu\u017eeisti arba pl\u0117\u0161rieji \u017ev\u0117rys (i\u0161skyrus vilk\u0105), bebrai ir ondatros gaudomi sp\u0105stais, kurie garantuoja staigi\u0105 pagauto gyv\u016bno \u017e\u016bt\u012f ir pagal j\u0173 naudojimo s\u0105lygas garantuoja, kad nebus sugauti kiti gyv\u016bnai, kuriems gaudyti sp\u0105stai neskirti;<\/li><li>su v\u0117liav\u0117l\u0117mis \u2013 kai med\u017eiojamieji gyv\u016bnai med\u017eiojami med\u017eiokl\u0117s plot\u0173 dal\u012f apjuosiant specialia virve su v\u0117liav\u0117l\u0117mis;<\/li><\/ul>\n\n\n\n<p><em>Pastaba: esant nepalankioms med\u017eiojamiesiems gyv\u016bnams gamtin\u0117ms s\u0105lygoms, Aplinkos ministerija gali nustatyti apribojimus leid\u017eiamiems med\u017eiokl\u0117s b\u016bdams.<\/em><\/p>\n\n\n\n<p>Med\u017eioti leid\u017eiama tik su kilm\u0117s dokumentus turin\u010diais med\u017eiokliniais \u0161unimis. Med\u017eioklinius \u0161unis ir pl\u0117\u0161riuosius pauk\u0161\u010dius tam tikram med\u017eiokl\u0117s b\u016bdui parengti arba lauko bandymus, var\u017eybas med\u017eiokl\u0117s plotuose nat\u016braliomis s\u0105lygomis vykdyti leid\u017eiama tik leid\u017eiamu \u0161iais b\u016bdais med\u017eioti terminu. \u0160iems renginiams med\u017eiokl\u0117s plotuose organizuoti privaloma tur\u0117ti visus med\u017eioklei b\u016btinus dokumentus. Kitais atvejais med\u017eiokl\u0117s plotuose \u0161unys ved\u017eiojami tik su pavad\u0117liais.<\/p>\n\n\n\n<p>Med\u017eioti leid\u017eiama tik su legaliai \u012fsigytais arba nelaisv\u0117je i\u0161augintais pl\u0117\u0161riaisiais pauk\u0161\u010diais. Pl\u0117\u0161riuosius pauk\u0161\u010dius paimti i\u0161 laisv\u0117s med\u017eiokl\u0117s tikslams draud\u017eiama.<br>Suaugusius elnini\u0173 \u017ev\u0117ri\u0173 patinus gali med\u017eioti tik med\u017eiotojo selekcininko kvalifikacij\u0105, turintis med\u017eiotojas. Asmenims, turintiems u\u017esienio \u0161alyse i\u0161duotus med\u017eiotojo bilietui analogi\u0161kus dokumentus, reikalavimas tur\u0117ti med\u017eiotojo selekcininko kvalifikacij\u0105 netaikomas, ta\u010diau prie\u0161 med\u017eiokl\u0119 med\u017eiokl\u0117s vadovas turi supa\u017eindinti \u0161iuos med\u017eiotojus su Elnini\u0173 \u017ev\u0117ri\u0173 atrankin\u0117s med\u017eiokl\u0117s nuostat\u0173 reikalavimais.<\/p>\n\n\n\n<p>Med\u017eiokl\u0117s terminai (datos nurodomos imtinai):<\/p>\n\n\n\n<ul><li>med\u017eiojamuosius gyv\u016bnus (i\u0161skyrus suaugusius elnini\u0173 \u017ev\u0117ri\u0173 patinus (draudimas netaikomas med\u017eiojant tauri\u0173j\u0173 elni\u0173 antrame\u010dius patinus)) med\u017eioti varant leid\u017eiama nuo spalio 15 d. iki vasario 1 d., atsi\u017evelgiant \u012f Med\u017eiokl\u0117s taisykli\u0173 nustatytus atskir\u0173 med\u017eiojam\u0173j\u0173 gyv\u016bn\u0173 r\u016b\u0161i\u0173 med\u017eiokl\u0117s terminus.<\/li><li>Lapes, mangutus ir kanadines audines, mi\u0161kines ir akmenines kiaunes, juoduosius \u0161e\u0161kus med\u017eioti varant ne mi\u0161kuose leid\u017eiama nuo spalio 15 d. iki baland\u017eio 15 d.<\/li><li>Kitais nurodytais med\u017eiokl\u0117s b\u016bdais tam tikrus med\u017eiojamuosius gyv\u016bnus med\u017eioti leid\u017eiama Med\u017eiokl\u0117s taisykli\u0173 nurodytais terminais;<\/li><\/ul>\n","protected":false},"excerpt":{"rendered":"<p>Lietuvos Respublikoje med\u017eiojant leid\u017eiama naudoti \u0161iuos \u012frankius ir priemones: \u012erankius: ilguosius grai\u017etvinius ir lygiavamzd\u017eius ginklus su optiniais taikikliais ar be j\u0173; tinklus, graib\u0161tus, gaudykles, u\u017etikrinan\u010dias gyvo ir nesu\u017eeisto gyv\u016bno pagavim\u0105; selektyviuosius sp\u0105stus, u\u017etikrinan\u010dius staigi\u0105 pagauto gyv\u016bno \u017e\u016bt\u012f; Priemones: i\u0161kam\u0161as, profilius, mulia\u017eus, kryk\u0161tes, nat\u016bralios kilm\u0117s masal\u0105, feromoninius ir cheminius jaukus, vilioklius, vilbynes; peilius, v\u0117liav\u0117les; grynaveislius med\u017eioklinius &hellip; <\/p>\n<p class=\"link-more\"><a href=\"https:\/\/www.suduvos-medziotojai.lt\/?page_id=230\" class=\"more-link\">Continue reading<span class=\"screen-reader-text\"> &#8220;\u012erankiai ir b\u016bdai&#8221;<\/span><\/a><\/p>\n","protected":false},"author":1,"featured_media":0,"parent":227,"menu_order":0,"comment_status":"closed","ping_status":"closed","template":"","meta":{"inline_featured_image":false,"footnotes":""},"_links":{"self":[{"href":"https:\/\/www.suduvos-medziotojai.lt\/index.php?rest_route=\/wp\/v2\/pages\/230"}],"collection":[{"href":"https:\/\/www.suduvos-medziotojai.lt\/index.php?rest_route=\/wp\/v2\/pages"}],"about":[{"href":"https:\/\/www.suduvos-medziotojai.lt\/index.php?rest_route=\/wp\/v2\/types\/page"}],"author":[{"embeddable":true,"href":"https:\/\/www.suduvos-medziotojai.lt\/index.php?rest_route=\/wp\/v2\/users\/1"}],"replies":[{"embeddable":true,"href":"https:\/\/www.suduvos-medziotojai.lt\/index.php?rest_route=%2Fwp%2Fv2%2Fcomments&post=230"}],"version-history":[{"count":4,"href":"https:\/\/www.suduvos-medziotojai.lt\/index.php?rest_route=\/wp\/v2\/pages\/230\/revisions"}],"predecessor-version":[{"id":311,"href":"https:\/\/www.suduvos-medziotojai.lt\/index.php?rest_route=\/wp\/v2\/pages\/230\/revisions\/311"}],"up":[{"embeddable":true,"href":"https:\/\/www.suduvos-medziotojai.lt\/index.php?rest_route=\/wp\/v2\/pages\/227"}],"wp:attachment":[{"href":"https:\/\/www.suduvos-medziotojai.lt\/index.php?rest_route=%2Fwp%2Fv2%2Fmedia&parent=230"}],"curies":[{"name":"wp","href":"https:\/\/api.w.org\/{rel}","templated":true}]}}